{"id":2990,"date":"2023-04-25T16:30:51","date_gmt":"2023-04-25T19:30:51","guid":{"rendered":"https:\/\/isfdsarmiento-cha.infd.edu.ar\/sitio\/?page_id=2990"},"modified":"2023-11-17T09:45:02","modified_gmt":"2023-11-17T12:45:02","slug":"postitulos","status":"publish","type":"page","link":"https:\/\/isfdsarmiento-cha.infd.edu.ar\/sitio\/postitulos\/","title":{"rendered":"Post\u00edtulos"},"content":{"rendered":"\n<figure class=\"wp-block-image size-full\"><img decoding=\"async\" loading=\"lazy\" width=\"1069\" height=\"1600\" src=\"https:\/\/isfdsarmiento-cha.infd.edu.ar\/sitio\/wp-content\/uploads\/2023\/11\/postitulo.jpg\" alt=\"\" class=\"wp-image-3064\" srcset=\"https:\/\/isfdsarmiento-cha.infd.edu.ar\/sitio\/wp-content\/uploads\/2023\/11\/postitulo.jpg 1069w, https:\/\/isfdsarmiento-cha.infd.edu.ar\/sitio\/wp-content\/uploads\/2023\/11\/postitulo-668x1000.jpg 668w, https:\/\/isfdsarmiento-cha.infd.edu.ar\/sitio\/wp-content\/uploads\/2023\/11\/postitulo-768x1149.jpg 768w, https:\/\/isfdsarmiento-cha.infd.edu.ar\/sitio\/wp-content\/uploads\/2023\/11\/postitulo-1026x1536.jpg 1026w\" sizes=\"(max-width: 1069px) 100vw, 1069px\" \/><figcaption class=\"wp-element-caption\"><strong>ACTUALIZACION EN RESPONSABILIDAD CIVIL Y ADMINISTRATIVA EN EDUCACI\u00d3N<br>Resoluci\u00f3n 3400 MECCyT (Chaco)<\/strong><br>INSCRIPCI\u00d3N GRATUITA<br>&#x2733;Link de inscripci\u00f3n: <a rel=\"noreferrer noopener\" href=\"https:\/\/forms.gle\/eNyDQV9mS98FNxrQA\" target=\"_blank\">https:\/\/forms.gle\/eNyDQV9mS98FNxrQA<\/a> <br>Luego enviamos mas info<br>&#x2733;10O% virtual<br>&#x2733;Clase inaugural 28 de noviembre 2023<br>Finaliza junio 2024<br>&#x26a0;INVERSI\u00d3N:<br>Matr\u00edcula: $1500 ( todos docentes y no docentes)<br>M\u00e1s:<br>&#x2747;Docentes:<br>$ 18.000 o 6 cuotas de $ 3000.-<br>&#x2747;Abogados y p\u00fablico interesado en la tem\u00e1tica:<br>$ 30.000 o 6 cuotas de $ 5000<br>&#x2747;Afiliados al Colegio de Abogados BONIFICACION DEL10%<br>&#x2747;CBU 0070071920000014657322<br>&#x2747;Para la titulaci\u00f3n se requiere la aprobaci\u00f3n de la cursada; pagada la totalidad del monto y la acreditaci\u00f3n del t\u00edtulo docente y no docente, DNI.<br><br>&#x26a0;INFORMES:<br>actualizacionresponsabilidad@gmail.com<br>+54 9 3624942046 \u2013 Dra. Claudia Marchioni \u2013 Coordinadora Acad\u00e9mica Directora del Instituto de Educaci\u00f3n del Colegio de Abogados.<br>+54 9 3624623928. &#8211; Dra.Sonia Llanes &#8211; Coordinadora Administrativa<\/figcaption><\/figure>\n\n\n\n<figure class=\"wp-block-image size-full\"><img decoding=\"async\" loading=\"lazy\" width=\"979\" height=\"1280\" src=\"https:\/\/isfdsarmiento-cha.infd.edu.ar\/sitio\/wp-content\/uploads\/2023\/10\/Imagen-de-WhatsApp-2023-10-04-a-las-21.00.54_7564f12c.jpg\" alt=\"\" class=\"wp-image-3057\" srcset=\"https:\/\/isfdsarmiento-cha.infd.edu.ar\/sitio\/wp-content\/uploads\/2023\/10\/Imagen-de-WhatsApp-2023-10-04-a-las-21.00.54_7564f12c.jpg 979w, https:\/\/isfdsarmiento-cha.infd.edu.ar\/sitio\/wp-content\/uploads\/2023\/10\/Imagen-de-WhatsApp-2023-10-04-a-las-21.00.54_7564f12c-765x1000.jpg 765w, https:\/\/isfdsarmiento-cha.infd.edu.ar\/sitio\/wp-content\/uploads\/2023\/10\/Imagen-de-WhatsApp-2023-10-04-a-las-21.00.54_7564f12c-768x1004.jpg 768w\" sizes=\"(max-width: 979px) 100vw, 979px\" \/><\/figure>\n\n\n\n<figure class=\"wp-block-image size-full\"><img decoding=\"async\" loading=\"lazy\" width=\"378\" height=\"532\" src=\"https:\/\/isfdsarmiento-cha.infd.edu.ar\/sitio\/wp-content\/uploads\/2023\/09\/IMG-20230929-WA0046.jpg\" alt=\"\" class=\"wp-image-3054\"\/><\/figure>\n\n\n\n<figure class=\"wp-block-image size-full\"><img decoding=\"async\" loading=\"lazy\" width=\"904\" height=\"1280\" src=\"https:\/\/isfdsarmiento-cha.infd.edu.ar\/sitio\/wp-content\/uploads\/2023\/06\/IMG-20230623-WA0019.jpg\" alt=\"\" class=\"wp-image-3050\" srcset=\"https:\/\/isfdsarmiento-cha.infd.edu.ar\/sitio\/wp-content\/uploads\/2023\/06\/IMG-20230623-WA0019.jpg 904w, https:\/\/isfdsarmiento-cha.infd.edu.ar\/sitio\/wp-content\/uploads\/2023\/06\/IMG-20230623-WA0019-706x1000.jpg 706w, https:\/\/isfdsarmiento-cha.infd.edu.ar\/sitio\/wp-content\/uploads\/2023\/06\/IMG-20230623-WA0019-768x1087.jpg 768w\" sizes=\"(max-width: 904px) 100vw, 904px\" \/><\/figure>\n\n\n\n<figure class=\"wp-block-image size-full\"><img decoding=\"async\" loading=\"lazy\" width=\"1072\" height=\"555\" src=\"https:\/\/isfdsarmiento-cha.infd.edu.ar\/sitio\/wp-content\/uploads\/2023\/06\/Postituo-historia.jpg\" alt=\"\" class=\"wp-image-3048\" srcset=\"https:\/\/isfdsarmiento-cha.infd.edu.ar\/sitio\/wp-content\/uploads\/2023\/06\/Postituo-historia.jpg 1072w, https:\/\/isfdsarmiento-cha.infd.edu.ar\/sitio\/wp-content\/uploads\/2023\/06\/Postituo-historia-1000x518.jpg 1000w, https:\/\/isfdsarmiento-cha.infd.edu.ar\/sitio\/wp-content\/uploads\/2023\/06\/Postituo-historia-768x398.jpg 768w\" sizes=\"(max-width: 1072px) 100vw, 1072px\" \/><\/figure>\n\n\n\n<figure class=\"wp-block-image size-full\"><img decoding=\"async\" loading=\"lazy\" width=\"724\" height=\"1024\" src=\"https:\/\/isfdsarmiento-cha.infd.edu.ar\/sitio\/wp-content\/uploads\/2023\/06\/IMG-20230610-WA0004.jpg\" alt=\"\" class=\"wp-image-3045\" srcset=\"https:\/\/isfdsarmiento-cha.infd.edu.ar\/sitio\/wp-content\/uploads\/2023\/06\/IMG-20230610-WA0004.jpg 724w, https:\/\/isfdsarmiento-cha.infd.edu.ar\/sitio\/wp-content\/uploads\/2023\/06\/IMG-20230610-WA0004-707x1000.jpg 707w\" sizes=\"(max-width: 724px) 100vw, 724px\" \/><\/figure>\n\n\n\n<figure class=\"wp-block-image size-full\"><img decoding=\"async\" loading=\"lazy\" width=\"1080\" height=\"1080\" src=\"https:\/\/isfdsarmiento-cha.infd.edu.ar\/sitio\/wp-content\/uploads\/2023\/04\/Actualizacion-escenarios-combinados.jpg\" alt=\"\" class=\"wp-image-2942\" srcset=\"https:\/\/isfdsarmiento-cha.infd.edu.ar\/sitio\/wp-content\/uploads\/2023\/04\/Actualizacion-escenarios-combinados.jpg 1080w, https:\/\/isfdsarmiento-cha.infd.edu.ar\/sitio\/wp-content\/uploads\/2023\/04\/Actualizacion-escenarios-combinados-1000x1000.jpg 1000w, https:\/\/isfdsarmiento-cha.infd.edu.ar\/sitio\/wp-content\/uploads\/2023\/04\/Actualizacion-escenarios-combinados-500x500.jpg 500w, https:\/\/isfdsarmiento-cha.infd.edu.ar\/sitio\/wp-content\/uploads\/2023\/04\/Actualizacion-escenarios-combinados-768x768.jpg 768w\" sizes=\"(max-width: 1080px) 100vw, 1080px\" \/><figcaption class=\"wp-element-caption\">&#x1f4e2; Preinscripci\u00f3n a la Actualizaci\u00f3n Acad\u00e9mica\u00bbDid\u00e1ctica de la Educaci\u00f3n Superior para Escenarios Combinados\u00bb Nro de Actuaci\u00f3n E29-2023-33878-Ae&#x1f517; Enlace al formulario: https:\/\/forms.gle\/Z8EyLZKuNNgPbFBt6 &#x2705; Completalo y en breve recibir\u00e1s info de la propuesta formativa&#x2757;<\/figcaption><\/figure>\n\n\n\n<figure class=\"wp-block-image\"><img alt=\"\"\/><\/figure>\n\n\n\n<figure class=\"wp-block-image\"><img alt=\"\"\/><\/figure>\n\n\n\n<figure class=\"wp-block-image\"><img alt=\"\"\/><\/figure>\n\n\n\n<figure class=\"wp-block-image\"><img alt=\"\"\/><\/figure>\n","protected":false},"excerpt":{"rendered":"","protected":false},"author":3525,"featured_media":0,"parent":0,"menu_order":0,"comment_status":"closed","ping_status":"closed","template":"","meta":[],"acf":[],"_links":{"self":[{"href":"https:\/\/isfdsarmiento-cha.infd.edu.ar\/sitio\/wp-json\/wp\/v2\/pages\/2990"}],"collection":[{"href":"https:\/\/isfdsarmiento-cha.infd.edu.ar\/sitio\/wp-json\/wp\/v2\/pages"}],"about":[{"href":"https:\/\/isfdsarmiento-cha.infd.edu.ar\/sitio\/wp-json\/wp\/v2\/types\/page"}],"author":[{"embeddable":true,"href":"https:\/\/isfdsarmiento-cha.infd.edu.ar\/sitio\/wp-json\/wp\/v2\/users\/3525"}],"replies":[{"embeddable":true,"href":"https:\/\/isfdsarmiento-cha.infd.edu.ar\/sitio\/wp-json\/wp\/v2\/comments?post=2990"}],"version-history":[{"count":8,"href":"https:\/\/isfdsarmiento-cha.infd.edu.ar\/sitio\/wp-json\/wp\/v2\/pages\/2990\/revisions"}],"predecessor-version":[{"id":3065,"href":"https:\/\/isfdsarmiento-cha.infd.edu.ar\/sitio\/wp-json\/wp\/v2\/pages\/2990\/revisions\/3065"}],"wp:attachment":[{"href":"https:\/\/isfdsarmiento-cha.infd.edu.ar\/sitio\/wp-json\/wp\/v2\/media?parent=2990"}],"curies":[{"name":"wp","href":"https:\/\/api.w.org\/{rel}","templated":true}]}}