{"id":975,"date":"2018-08-30T12:58:46","date_gmt":"2018-08-30T15:58:46","guid":{"rendered":"https:\/\/isfdsarmiento-cha.infd.edu.ar\/sitio\/profesorado-en-quimica\/"},"modified":"2022-03-26T12:04:34","modified_gmt":"2022-03-26T15:04:34","slug":"profesorado-en-quimica","status":"publish","type":"page","link":"https:\/\/isfdsarmiento-cha.infd.edu.ar\/sitio\/profesorado-en-quimica\/","title":{"rendered":"Profesorado en Qu\u00edmica"},"content":{"rendered":"<p><\/p>\n<figure class=\"wp-block-image size-large\"><img decoding=\"async\" loading=\"lazy\" width=\"1280\" height=\"223\" class=\"wp-image-2223\" src=\"https:\/\/isfdsarmiento-cha.infd.edu.ar\/sitio\/wp-content\/uploads\/2022\/03\/quimica.jpg\" alt=\"\" srcset=\"https:\/\/isfdsarmiento-cha.infd.edu.ar\/sitio\/wp-content\/uploads\/2022\/03\/quimica.jpg 1280w, https:\/\/isfdsarmiento-cha.infd.edu.ar\/sitio\/wp-content\/uploads\/2022\/03\/quimica-1000x174.jpg 1000w, https:\/\/isfdsarmiento-cha.infd.edu.ar\/sitio\/wp-content\/uploads\/2022\/03\/quimica-768x134.jpg 768w\" sizes=\"(max-width: 1280px) 100vw, 1280px\" \/><\/figure>\n<p><\/p>\n<p><span style=\"color: #10284e;\"><strong>DENOMINACI\u00d3N DE LA CARRERA: <\/strong><\/span><em>Profesorado de Educaci\u00f3n Secundaria en Qu\u00edmica<\/em><\/p>\n<p><span style=\"color: #10284e;\"><strong>T\u00cdTULO QUE OTORGA LA CARRERA: <\/strong><\/span>Profesor\/a de Educaci\u00f3n Secundaria en Qu\u00edmica<\/p>\n<p><span style=\"color: #10284e;\"><strong>ALCANCES DEL T\u00cdTULO<\/strong><\/span><br \/>Los egresados est\u00e1n habilitados para el ejercicio de la docencia para la educaci\u00f3n secundaria. Reconocimiento acad\u00e9mico del t\u00edtulo de pregrado para continuar estudios de pos titulaciones.<\/p>\n<p><span style=\"color: #10284e;\"><strong>DURACI\u00d3N DE LA CARRERA: <\/strong><\/span>4 A\u00d1OS<\/p>\n<p><span style=\"color: #10284e;\"><strong>CARGA HORARIA TOTAL: <\/strong><\/span>4064 HORAS C\u00c1TEDRAS, 2709 HORAS RELOJ<\/p>\n<p><span style=\"color: #10284e;\"><strong>CONDICIONES DE ACCESO: <\/strong><\/span>Poseer t\u00edtulo de nivel medio para acceder a estudios conducentes a titulaciones docentes. Excepcionalmente, los mayores de 25 a\u00f1os que no re\u00fanan esa condici\u00f3n, podr\u00e1n ingresar seg\u00fan lo establecido por el Art N\u00b0 7 de la Ley de Educaci\u00f3n Superior N\u00b0 24521<\/p>\n<p>El egresado del Profesorado en Qu\u00edmica deber\u00e1:<br \/><img decoding=\"async\" src=\"https:\/\/isfdsarmiento-cha.infd.edu.ar\/sitio\/wp-content\/uploads\/2018\/08\/12emcheck.png\" border=\"0\" \/> Poseer un vasto y actualizado dominio de la estructura conceptual y metodol\u00f3gica de la qu\u00edmica.<br \/><img decoding=\"async\" src=\"https:\/\/isfdsarmiento-cha.infd.edu.ar\/sitio\/wp-content\/uploads\/2018\/08\/12emcheck.png\" border=\"0\" \/> Tener conocimiento de otras ciencias naturales y de matem\u00e1tica para una comprensi\u00f3n y tratamiento interdisciplinario de los contenidos a ense\u00f1ar.<br \/><img decoding=\"async\" src=\"https:\/\/isfdsarmiento-cha.infd.edu.ar\/sitio\/wp-content\/uploads\/2018\/08\/12emcheck.png\" border=\"0\" \/> Ser\u00a0 capaz\u00a0 de realizar una pr\u00e1ctica cr\u00edtica, \u201cleer\u201d la realidad y llevar a cabo un proceso de autocr\u00edtica generador de una sinergia creativa.<\/p>\n<p><img decoding=\"async\" src=\"https:\/\/isfdsarmiento-cha.infd.edu.ar\/sitio\/wp-content\/uploads\/2018\/08\/12emcheck.png\" border=\"0\" \/> Ser responsables en el planteamiento de cuestiones acerca de lo que ellos ense\u00f1an, sobre c\u00f3mo deben ense\u00f1arlo y sobre los objetivos que persiguen.<br \/><img decoding=\"async\" src=\"https:\/\/isfdsarmiento-cha.infd.edu.ar\/sitio\/wp-content\/uploads\/2018\/08\/12emcheck.png\" border=\"0\" \/> Ser capaces de promover la construcci\u00f3n de la identidad subjetiva de los ciudadanos para que puedan comportarse con autonom\u00eda y responsabilidad en los intercambios sociales\u00a0 personales y profesionales.<br \/><img decoding=\"async\" src=\"https:\/\/isfdsarmiento-cha.infd.edu.ar\/sitio\/wp-content\/uploads\/2018\/08\/12emcheck.png\" border=\"0\" \/> Favorecer el desarrollo de la diversidad de identidades de los estudiantes, estimulando el respeto a las \u201cdiferencias\u201d.<br \/><img decoding=\"async\" src=\"https:\/\/isfdsarmiento-cha.infd.edu.ar\/sitio\/wp-content\/uploads\/2018\/08\/12emcheck.png\" border=\"0\" \/> Desarrollar capacidades y actitudes positivas hacia el aprendizaje y hacia la experimentaci\u00f3n reflexiva.<br \/><img decoding=\"async\" src=\"https:\/\/isfdsarmiento-cha.infd.edu.ar\/sitio\/wp-content\/uploads\/2018\/08\/12emcheck.png\" border=\"0\" \/> Poseer herramientas para dise\u00f1ar, desarrollar, y evaluar reflexivamente su propia pr\u00e1ctica.<br \/><img decoding=\"async\" src=\"https:\/\/isfdsarmiento-cha.infd.edu.ar\/sitio\/wp-content\/uploads\/2018\/08\/12emcheck.png\" border=\"0\" \/> Compartir pr\u00e1cticas profesionales experiencias, proyectos e\u00a0 innovaciones entre pares.<\/p>\n<p>Ser\u00e1\u00a0 un agente de cambio, responsable de:<br \/><img decoding=\"async\" src=\"https:\/\/isfdsarmiento-cha.infd.edu.ar\/sitio\/wp-content\/uploads\/2018\/08\/12emcheck.png\" border=\"0\" \/> Conducir situaciones de ense\u00f1anza y de aprendizaje que favorezcan el planteo de preguntas sobre el mundo natural, la implementaci\u00f3n de trabajos experimentales, la puesta a prueba de hip\u00f3tesis, la interpretaci\u00f3n de modelos,<br \/><img decoding=\"async\" src=\"https:\/\/isfdsarmiento-cha.infd.edu.ar\/sitio\/wp-content\/uploads\/2018\/08\/12emcheck.png\" border=\"0\" \/> Elaborar y aplicar instrumentos de evaluaci\u00f3n sobre la base de cuyos resultados podr\u00e1 mejorar el proceso did\u00e1ctico<br \/><img decoding=\"async\" src=\"https:\/\/isfdsarmiento-cha.infd.edu.ar\/sitio\/wp-content\/uploads\/2018\/08\/12emcheck.png\" border=\"0\" \/> Fomentar en sus alumnos una conducta cr\u00edtica, comprometida y responsable respecto de los problemas ambientales y sanitarios.<\/p>\n<p>El egresado del Profesorado para el\u00a0 Tercer Ciclo de la EGB y de la Educaci\u00f3n Polimodal en Qu\u00edmica ser\u00e1 portador de un conocimiento integrado y generador, capaz de:<br \/><img decoding=\"async\" src=\"https:\/\/isfdsarmiento-cha.infd.edu.ar\/sitio\/wp-content\/uploads\/2018\/08\/12emcheck.png\" border=\"0\" \/> Seguir investigando dentro o fuera del marco acad\u00e9mico<br \/><img decoding=\"async\" src=\"https:\/\/isfdsarmiento-cha.infd.edu.ar\/sitio\/wp-content\/uploads\/2018\/08\/12emcheck.png\" border=\"0\" \/> Utilizar los resultados de la investigaci\u00f3n para la actualizaci\u00f3n de contenidos espec\u00edficos de su campo disciplinar y aquellos referentes a la ense\u00f1anza y el aprendizaje<br \/><img decoding=\"async\" src=\"https:\/\/isfdsarmiento-cha.infd.edu.ar\/sitio\/wp-content\/uploads\/2018\/08\/12emcheck.png\" border=\"0\" \/> Dise\u00f1ar y promocionar investigaciones escolares en Qu\u00edmica y transferir a sus alumnos la capacidad de aprender a aprender.<\/p>\n\n\n<div class=\"wp-block-file\"><a href=\"https:\/\/isfdsarmiento-cha.infd.edu.ar\/sitio\/wp-content\/uploads\/2022\/03\/Plan_de_estudios_Quimica_1.pdf\"><strong><span style=\"color:#2e50bc\" class=\"has-inline-color\">Plan de estudios<\/span><\/strong><\/a><a href=\"https:\/\/isfdsarmiento-cha.infd.edu.ar\/sitio\/wp-content\/uploads\/2022\/03\/Plan_de_estudios_Quimica_1.pdf\" class=\"wp-block-file__button\" download>Descarga<\/a><\/div>\n\n\n\n<div class=\"wp-block-file\"><a href=\"https:\/\/isfdsarmiento-cha.infd.edu.ar\/sitio\/wp-content\/uploads\/sitio\/RES._2031-16_Corre_Quimica.pdf\"><strong><span style=\"color:#2e50bc\" class=\"has-inline-color\">Correlatividades<\/span><\/strong><\/a><a href=\"https:\/\/isfdsarmiento-cha.infd.edu.ar\/sitio\/wp-content\/uploads\/sitio\/RES._2031-16_Corre_Quimica.pdf\" class=\"wp-block-file__button\" download>Descarga<\/a><\/div>\n\n\n\n<div class=\"wp-block-file\"><a href=\"https:\/\/isfdsarmiento-cha.infd.edu.ar\/sitio\/wp-content\/uploads\/2022\/03\/Disenio_de_quimica.pdf\"><strong><span style=\"color:#2e50bc\" class=\"has-inline-color\">Dise\u00f1o curricular<\/span><\/strong><\/a><a href=\"https:\/\/isfdsarmiento-cha.infd.edu.ar\/sitio\/wp-content\/uploads\/2022\/03\/Disenio_de_quimica.pdf\" class=\"wp-block-file__button\" download>Descarga<\/a><\/div>\n","protected":false},"excerpt":{"rendered":"<p>DENOMINACI\u00d3N DE LA CARRERA: Profesorado de Educaci\u00f3n Secundaria en Qu\u00edmica T\u00cdTULO QUE OTORGA LA CARRERA: Profesor\/a de Educaci\u00f3n Secundaria en Qu\u00edmica ALCANCES DEL T\u00cdTULOLos egresados est\u00e1n habilitados para el ejercicio de la docencia para la educaci\u00f3n secundaria. Reconocimiento acad\u00e9mico del t\u00edtulo de pregrado para continuar estudios de pos titulaciones. DURACI\u00d3N DE LA CARRERA: 4 A\u00d1OS &#8230; <a title=\"Profesorado en Qu\u00edmica\" class=\"read-more\" href=\"https:\/\/isfdsarmiento-cha.infd.edu.ar\/sitio\/profesorado-en-quimica\/\" aria-label=\"More on Profesorado en Qu\u00edmica\">[+]<\/a><\/p>\n","protected":false},"author":3561,"featured_media":0,"parent":0,"menu_order":0,"comment_status":"closed","ping_status":"closed","template":"","meta":[],"acf":[],"_links":{"self":[{"href":"https:\/\/isfdsarmiento-cha.infd.edu.ar\/sitio\/wp-json\/wp\/v2\/pages\/975"}],"collection":[{"href":"https:\/\/isfdsarmiento-cha.infd.edu.ar\/sitio\/wp-json\/wp\/v2\/pages"}],"about":[{"href":"https:\/\/isfdsarmiento-cha.infd.edu.ar\/sitio\/wp-json\/wp\/v2\/types\/page"}],"author":[{"embeddable":true,"href":"https:\/\/isfdsarmiento-cha.infd.edu.ar\/sitio\/wp-json\/wp\/v2\/users\/3561"}],"replies":[{"embeddable":true,"href":"https:\/\/isfdsarmiento-cha.infd.edu.ar\/sitio\/wp-json\/wp\/v2\/comments?post=975"}],"version-history":[{"count":6,"href":"https:\/\/isfdsarmiento-cha.infd.edu.ar\/sitio\/wp-json\/wp\/v2\/pages\/975\/revisions"}],"predecessor-version":[{"id":2226,"href":"https:\/\/isfdsarmiento-cha.infd.edu.ar\/sitio\/wp-json\/wp\/v2\/pages\/975\/revisions\/2226"}],"wp:attachment":[{"href":"https:\/\/isfdsarmiento-cha.infd.edu.ar\/sitio\/wp-json\/wp\/v2\/media?parent=975"}],"curies":[{"name":"wp","href":"https:\/\/api.w.org\/{rel}","templated":true}]}}